{"id":25,"date":"2019-01-21T21:28:34","date_gmt":"2019-01-21T20:28:34","guid":{"rendered":"http:\/\/wordpress.icicle.ch\/?page_id=25"},"modified":"2021-01-19T22:07:01","modified_gmt":"2021-01-19T21:07:01","slug":"icicle-ch","status":"publish","type":"page","link":"https:\/\/www.icicle.ch\/","title":{"rendered":"icicle.ch"},"content":{"rendered":"\n<p>Willkommen auf icicle.ch. Die Modellbahn, deren Entstehung hier dokumentiert wird, macht gerade etwas Pause. Die Drehscheibe, die wir vorletztes Jahr bestellten, hat inzwischen \u00fcber ein Jahr Versp\u00e4tung und ist immer noch nicht lieferbar.<\/p>\n\n\n\n<p>Aktuell besch\u00e4ftige ich mich mehr mit Navigations- und Kartensoftware. Seit wir das Orientierungsfahren f\u00fcr uns entdeckt haben, haben sich die Anforderungen an &#171;das Navi&#187; etwas ge\u00e4ndert &#8230;<\/p>\n\n\n\n<p><\/p>\n","protected":false},"excerpt":{"rendered":"<p>Willkommen auf icicle.ch. Die Modellbahn, deren Entstehung hier dokumentiert wird, macht gerade etwas Pause. Die Drehscheibe, die wir vorletztes Jahr bestellten, hat inzwischen \u00fcber ein Jahr Versp\u00e4tung und ist immer noch nicht lieferbar. Aktuell besch\u00e4ftige ich mich mehr mit Navigations- und Kartensoftware. Seit wir das Orientierungsfahren f\u00fcr uns entdeckt haben, haben sich die Anforderungen an &hellip; <a href=\"https:\/\/www.icicle.ch\/\" class=\"more-link\"><span class=\"screen-reader-text\">&#8220;icicle.ch&#8221; <\/span>weiterlesen<\/a><\/p>\n","protected":false},"author":1,"featured_media":0,"parent":0,"menu_order":0,"comment_status":"closed","ping_status":"closed","template":"","meta":{"footnotes":""},"class_list":["post-25","page","type-page","status-publish","hentry"],"_links":{"self":[{"href":"https:\/\/www.icicle.ch\/index.php?rest_route=\/wp\/v2\/pages\/25","targetHints":{"allow":["GET"]}}],"collection":[{"href":"https:\/\/www.icicle.ch\/index.php?rest_route=\/wp\/v2\/pages"}],"about":[{"href":"https:\/\/www.icicle.ch\/index.php?rest_route=\/wp\/v2\/types\/page"}],"author":[{"embeddable":true,"href":"https:\/\/www.icicle.ch\/index.php?rest_route=\/wp\/v2\/users\/1"}],"replies":[{"embeddable":true,"href":"https:\/\/www.icicle.ch\/index.php?rest_route=%2Fwp%2Fv2%2Fcomments&post=25"}],"version-history":[{"count":3,"href":"https:\/\/www.icicle.ch\/index.php?rest_route=\/wp\/v2\/pages\/25\/revisions"}],"predecessor-version":[{"id":282,"href":"https:\/\/www.icicle.ch\/index.php?rest_route=\/wp\/v2\/pages\/25\/revisions\/282"}],"wp:attachment":[{"href":"https:\/\/www.icicle.ch\/index.php?rest_route=%2Fwp%2Fv2%2Fmedia&parent=25"}],"curies":[{"name":"wp","href":"https:\/\/api.w.org\/{rel}","templated":true}]}}